ctors of 25831?
13, 1987
List the prime factors of 3371771.
13, 433, 599
List the prime factors of 3075427.
1721, 1787
What are the prime factors of 894552?
2, 3, 37273
List the prime factors of 270951.
3, 37, 2441
List the prime factors of 1512678.
2, 3, 61, 4133
List the prime factors of 5826431.
13, 448187
What are the prime factors of 1320428?
2, 29, 11383
List the prime factors of 7536512.
2, 97, 607
List the prime factors of 35198602.
2, 17, 19, 23, 103
List the prime factors of 141080.
2, 5, 3527
What are the prime factors of 512333?
512333
What are the prime factors of 36612739?
139, 263401
List the prime factors of 7039145.
5, 1407829
List the prime factors of 3135704.
2, 11, 13, 2741
What are the prime factors of 3170929?
19, 157, 1063
What are the prime factors of 1503516?
2, 3, 7, 2557
What are the prime factors of 66018?
2, 3, 11003
What are the prime factors of 881805?
3, 5, 58787
List the prime factors of 138126.
2, 3, 23021
List the prime factors of 232809.
3, 71, 1093
List the prime factors of 224288.
2, 43, 163
List the prime factors of 263956.
2, 7, 11, 857
What are the prime factors of 13619535?
3, 5, 907969
What are the prime factors of 1797419?
13, 19, 383
List the prime factors of 10309436.
2, 1069, 2411
What are the prime factors of 68891?
68891
List the prime factors of 290603.
71, 4093
What are the prime factors of 303383?
71, 4273
List the prime factors of 27320146.
2, 7, 29, 9613
What are the prime factors of 2803381?
7, 557, 719
List the prime factors of 379325.
5, 15173
List the prime factors of 193982.
2, 23, 4217
List the prime factors of 28807483.
557, 51719
List the prime factors of 322036.
2, 11, 13, 563
List the prime factors of 218011.
311, 701
What are the prime factors of 6343265?
5, 139, 9127
What are the prime factors of 1044299?
1044299
What are the prime factors of 27231?
3, 29, 313
List the prime factors of 237661.
43, 5527
What are the prime factors of 1309126?
2, 7, 13, 7193
List the prime factors of 9024950.
2, 5, 11, 61, 269
List the prime factors of 3181958.
2, 13, 17, 23, 313
List the prime factors of 23438786.
2, 7, 29, 57731
List the prime factors of 1540685.
5, 308137
List the prime factors of 22011293.
22011293
List the prime factors of 41477.
19, 37, 59
List the prime factors of 346966.
2, 173483
What are the prime factors of 661024?
2, 7, 13, 227
List the prime factors of 3680992.
2, 7, 16433
List the prime factors of 177258.
2, 3, 31, 953
What are the prime factors of 241498?
2, 120749
What are the prime factors of 463313?
463313
List the prime factors of 176572.
2, 11, 4013
What are the prime factors of 834477?
3, 7, 79, 503
List the prime factors of 2320836.
2, 3, 7, 3947
List the prime factors of 2876496.
2, 3, 7, 1223
List the prime factors of 11015420.
2, 5, 13, 3259
What are the prime factors of 1618450?
2, 5, 32369
What are the prime factors of 4534151?
23, 197137
List the prime factors of 423684.
2, 3, 3923
What are the prime factors of 712312?
2, 269, 331
What are the prime factors of 1993871?
11, 41, 4421
What are the prime factors of 3047436?
2, 3, 7, 29, 139
List the prime factors of 127737.
3, 19, 83
List the prime factors of 980543.
17, 57679
What are the prime factors of 367891?
37, 61, 163
List the prime factors of 305234.
2, 152617
List the prime factors of 2855669.
131, 21799
What are the prime factors of 855650?
2, 5, 109, 157
What are the prime factors of 750090?
2, 3, 5, 11, 2273
What are the prime factors of 4272383?
53, 80611
What are the prime factors of 1455538?
2, 7, 103967
What are the prime factors of 268459?
268459
List the prime factors of 168367.
101, 1667
List the prime factors of 2129714.
2, 227, 4691
List the prime factors of 183568.
2, 7, 11, 149
List the prime factors of 137976.
2, 3, 5749
What are the prime factors of 2051032?
2, 449, 571
What are the prime factors of 127325?
5, 11, 463
What are the prime factors of 169396?
2, 42349
What are the prime factors of 2335193?
7, 47657
List the prime factors of 1694596.
2, 423649
What are the prime factors of 157422?
2, 3, 26237
What are the prime factors of 15473141?
37, 541, 773
What are the prime factors of 189120?
2, 3, 5, 197
What are the prime factors of 3430804?
2, 13, 17, 3881
What are the prime factors of 6388537?
2399, 2663
What are the prime factors of 143420?
2, 5, 71, 101
List the prime factors of 16380592.
2, 29, 43, 821
What are the prime factors of 258755?
5, 7, 7393
What are the prime factors of 1567354?
2, 783677
List the prime factors of 4598292.
2, 3, 31, 47, 263
List the prime factors of 2682459.
3, 13, 101, 227
List the prime factors of 296498.
2, 148249
List the prime factors of 2515.
5, 503
What are the prime factors of 2870575?
5, 199, 577
List the prime factors of 10102651.
13, 59779
What are the prime factors of 412960?
2, 5, 29, 89
What are the prime factors of 315216?
2, 3, 11, 199
List the prime factors of 772604.
2, 7, 41, 673
What are the prime factors of 5532936?
2, 3, 230539
List the prime factors of 239287.
239287
List the prime factors of 8403949.
1429, 5881
What are the prime factors of 383146?
2, 17, 59, 191
What are the prime factors of 1940944?
2, 121309
List the prime factors of 3778366.
2, 37, 51059
List the prime factors of 808503.
3, 17, 83, 191
What are the prime factors of 9973537?
7, 19, 31, 41, 59
What are the prime factors of 10507355?
5, 2101471
List the prime factors of 222554.
2, 223, 499
What are the prime factors of 55192?
2, 6899
List the prime factors of 1143662.
2, 13, 43987
What are the prime factors of 12108892?
2, 29, 47, 2221
What are the prime factors of 9103?
9103
What are the prime factors of 1534630?
2, 5, 19, 41, 197
What are the prime factors of 11950639?
19, 23, 29, 41
What are the prime factors of 530631?
3, 6551
List the prime factors of 178205.
5, 29, 1229
List the prime factors of 1783939.
463, 3853
List the prime factors of 574256.
2, 19, 1889
What are the prime factors of 139944?
2, 3, 7, 17
List the prime factors of 1803783.
3, 179, 3359
List the prime factors of 148069.
263, 563
List the prime factors of 14254674.
2, 3, 7, 19, 17863
List the prime factors of 2534444.
2, 11, 57601
What are the prime factors of 61420?
2, 5, 37, 83
List the prime factors of 133281.
3, 59, 251
List the prime factors of 759218.
2, 139, 2731
List the prime factors of 590031.
3, 13, 41
List the prime factors of 5854505.
5, 31, 107, 353
What are the prime factors of 550554?
2, 3, 89, 1031
What are the prime factors of 2548149?
3, 849383
What are the prime factors of 180814?
2, 90407
What are the prime factors of 98682?
2, 3, 16447
What are the prime factors of 14229111?
3, 13, 23, 29, 547
What are the prime factors of 536657?
11, 48787
List the prime factors of 213651.
3, 41, 193
List the prime factors of 1828659.
3, 7, 31, 53
List the prime factors of 1483375.
5, 11867
List the prime factors of 2751594.
2, 3, 458599
List the prime factors of 2370669.
3, 7, 16127
What are the prime factors of 7424524?
2, 829, 2239
What are the prime factors of 13059349?
17, 768197
List the prime factors of 1392925.
5, 55717
List the prime factors of 839971.
11, 19, 4019
What are the prime factors of 2793671?
239, 11689
What are the prime factors of 5916841?
7, 29, 29147
List the prime factors of 1641695.
5, 11, 19, 1571
List the prime factors of 13934640.
2, 3, 5, 58061
What are the prime factors of 24972416?
2, 7, 47, 593
List the prime factors of 8411732.
2, 7, 6131
List the prime factors of 5024909.
743, 6763
What are the prime factors of 14476588?
2, 7, 17, 1789
List the prime factors of 310092.
2, 3, 25841
What are the prime factors of 1974781?
1974781
What are the prime factors of 5152771?
13, 127, 3121
List the prime factors of 1071673.
179, 5987
What are the prime factors of 17337?
3, 5779
What are the prime factors of 531790?
2, 5, 7, 71, 107
List the prime factors of 389088.
2, 3, 7, 193
List the prime factors of 1760155.
5, 29, 61, 199
What are the prime factors of 11889798?
2, 3, 59, 33587
What are the prime factors of 2285567?
19, 120293
List the prime factors of 38979.
3, 61, 71
What are the prime factors of 738828?
2, 3, 6841
What are the prime factors of 450398?
2, 13, 17, 1019
What are the prime factors of 346143?
3, 7, 53, 311
What are the prime facto